hat is the units digit of 864?
4
What is the ten thousands digit of 49640?
4
What is the tens digit of 1522?
2
What is the tens digit of 1093?
9
What is the units digit of 301?
1
What is the units digit of 34567?
7
What is the units digit of 44889?
9
What is the hundreds digit of 659?
6
What is the thousands digit of 1182?
1
What is the units digit of 779?
9
What is the thousands digit of 112172?
2
What is the tens digit of 7738?
3
What is the tens digit of 4260?
6
What is the hundreds digit of 69595?
5
What is the tens digit of 31781?
8
What is the ten thousands digit of 84202?
8
What is the tens digit of 1151?
5
What is the units digit of 2193?
3
What is the hundreds digit of 40549?
5
What is the hundreds digit of 2589?
5
What is the tens digit of 12633?
3
What is the thousands digit of 4097?
4
What is the hundreds digit of 4796?
7
What is the tens digit of 537?
3
What is the thousands digit of 12199?
2
What is the units digit of 374?
4
What is the tens digit of 137306?
0
What is the tens digit of 155483?
8
What is the hundreds digit of 694?
6
What is the hundreds digit of 897?
8
What is the hundreds digit of 18537?
5
What is the units digit of 20451?
1
What is the thousands digit of 1516?
1
What is the thousands digit of 5291?
5
What is the tens digit of 945?
4
What is the ten thousands digit of 27314?
2
What is the tens digit of 3925?
2
What is the ten thousands digit of 81620?
8
What is the hundreds digit of 49777?
7
What is the thousands digit of 92921?
2
What is the hundreds digit of 6160?
1
What is the units digit of 3115?
5
What is the tens digit of 3306?
0
What is the ten thousands digit of 33633?
3
What is the tens digit of 11648?
4
What is the hundreds digit of 36140?
1
What is the tens digit of 17318?
1
What is the units digit of 2094?
4
What is the units digit of 738?
8
What is the hundreds digit of 531?
5
What is the thousands digit of 1803?
1
What is the ten thousands digit of 14796?
1
What is the hundreds digit of 18280?
2
What is the units digit of 2711?
1
What is the thousands digit of 1709?
1
What is the tens digit of 8036?
3
What is the thousands digit of 102160?
2
What is the units digit of 878?
8
What is the thousands digit of 2721?
2
What is the hundreds digit of 24576?
5
What is the ten thousands digit of 11253?
1
What is the thousands digit of 5932?
5
What is the units digit of 667?
7
What is the units digit of 5831?
1
What is the thousands digit of 18492?
8
What is the hundreds digit of 2728?
7
What is the units digit of 1844?
4
What is the tens digit of 2234?
3
What is the units digit of 5061?
1
What is the units digit of 2076?
6
What is the hundreds digit of 3290?
2
What is the tens digit of 1930?
3
What is the tens digit of 3511?
1
What is the tens digit of 492?
9
What is the thousands digit of 4971?
4
What is the units digit of 17333?
3
What is the tens digit of 6335?
3
What is the units digit of 10208?
8
What is the tens digit of 106055?
5
What is the tens digit of 1259?
5
What is the units digit of 4237?
7
What is the ten thousands digit of 173752?
7
What is the hundreds digit of 17171?
1
What is the thousands digit of 8936?
8
What is the units digit of 2592?
2
What is the thousands digit of 3176?
3
What is the hundreds digit of 9623?
6
What is the units digit of 840?
0
What is the thousands digit of 32805?
2
What is the thousands digit of 97701?
7
What is the thousands digit of 1121?
1
What is the hundreds digit of 1363?
3
What is the hundreds digit of 79767?
7
What is the units digit of 84074?
4
What is the thousands digit of 1710?
1
What is the thousands digit of 157593?
7
What is the units digit of 10720?
0
What is the tens digit of 1701?
0
What is the units digit of 613?
3
What is the ten thousands digit of 11045?
1
What is the thousands digit of 5301?
5
What is the tens digit of 19017?
1
What is the tens digit of 874?
7
What is the tens digit of 33?
3
What is the tens digit of 694?
9
What is the units digit of 427?
7
What is the tens digit of 3153?
5
What is the hundreds digit of 5705?
7
What is the units digit of 7948?
8
What is the tens digit of 11770?
7
What is the tens digit of 9503?
0
What is the thousands digit of 61073?
1
What is the tens digit of 5654?
5
What is the units digit of 1295?
5
What is the hundreds digit of 458?
4
What is the tens digit of 123?
2
What is the hundreds digit of 26888?
8
What is the hundreds digit of 15531?
5
What is the units digit of 382?
2
What is the tens digit of 926?
2
What is the units digit of 700?
0
What is the hundreds digit of 126624?
6
What is the units digit of 9502?
2
What is the thousands digit of 1638?
1
What is the ten thousands digit of 30296?
3
What is the units digit of 23363?
3
What is the hundreds digit of 571?
5
What is the hundreds digit of 4316?
3
What is the tens digit of 4666?
6
What is the tens digit of 3267?
6
What is the units digit of 1316?
6
What is the thousands digit of 1521?
1
What is the hundreds digit of 14377?
3
What is the units digit of 155881?
1
What is the tens digit of 573?
7
What is the hundreds digit of 519?
5
What is the units digit of 241?
1
What is the thousands digit of 1680?
1
What is the thousands digit of 15269?
5
What is the thousands digit of 1213?
1
What is the ten thousands digit of 21639?
2
What is the tens digit of 1544?
4
What is the tens digit of 43945?
4
What is the hundreds digit of 127323?
3
What is the units digit of 2983?
3
What is the hundreds digit of 27874?
8
What is the hundreds digit of 13825?
8
What is the units digit of 197?
7
What is the units digit of 139501?
1
What is the units digit of 24919?
9
What is the units digit of 4216?
6
What is the tens digit of 7608?
0
What is the thousands digit of 1327?
1
What is the units digit of 91?
1
What is the hundreds digit of 25803?
8
What is the ten thousands digit of 29382?
2
What is the tens digit of 9028?
2
What is the units digit of 7?
7
What is the units digit of 5255?
5
What is the units digit of 852?
2
What is the hundreds digit of 9033?
0
What is the thousands digit of 1330?
1
What is the tens digit of 301?
0
What is the ten thousands digit of 43310?
4
What is the thousands digit of 56734?
6
What is the hundred thousands digit of 124866?
1
What is the units digit of 451?
1
What is the units digit of 3621?
1
What is the tens digit of 53055?
5
What is the ten thousands digit of 70359?
7
What is the thousands digit of 7112?
7
What is the tens digit of 6582?
8
What is the tens digit of 17884?
8
What is the hundreds digit of 31479?
4
What is the units digit of 110568?
8
What is the tens digit of 5292?
9
What is the tens digit of 50310?
1
What is the tens digit of 2902?
0
What is the units digit of 49840?
0
What is the tens digit of 827?
2
What is the tens digit of 6604?
0
What is the units digit of 4294?
4
What is the tens digit of 31641?
4
What is the ten thousands digit of 10754?
1
What is the tens digit of 3266?
6
What is the tens digit of 3460?
6
What is the ten thousands digit of 14678?
1
What is the thousands digit of 15818?
5
What is the units digit of 4794?
4
What is the hundreds digit of 64633?
6
What is the hundreds digit of 6210?
2
What is the ten thousands digit of 14493?
1
What is the thousands digit of 3442?
3
What is the hundreds digit of 60072?
0
What is the units digit of 24574?
4
What is the units digit of 303?
3
What is the units digit of 4217?
7
What is the ten thousands digit of 84264?
8
What is the tens digit of 9495?
9
What is the units digit of 57591?
1
What is the units digit of 12621?
1
What is the units digit of 8604?
4
What is the thousands digit of 4206?
4
What is the tens digit of 18401?
0
What is the hundreds digit of 614?
6
What is the thousands digit of 73319?
3
What is the ten thousands digit of 17524?
1
What is the units digit of 39049?
9
What is the thousands digit of 1788?
1
What is the thousands digit of 6210?
6
What is the units digit of 14153?
3
What is the hundreds digit of 945?
9
What is the units digit of 102495?
5
What is the hundreds digit of 14721?
7
What is the tens digit of 2032?
3
What is the thousands digit of 26262?
6
What is the ten thousands digit of 24696?
2
What is the ten thousands digit of 109275?
0
What is the tens digit of 59242?
4
What is the tens digit of 3942?
4
What is the thousands digit of